2*q**2 - 116*q + 23. Determine k(-58).
23
Let d(m) = -14*m**2 - 238*m + 21. What is d(-17)?
21
Let m(b) = 205*b - 1467. Calculate m(7).
-32
Let y(k) = -5*k**3 - 11*k - 13. Give y(-2).
49
Let x(a) = -255*a + 6674. What is x(25)?
299
Let x(k) = -49*k + 732. Give x(14).
46
Let z(p) = p**3 + 5*p**2 - 18*p - 11. Calculate z(-7).
17
Let f(y) = 66*y + 4594. Determine f(-69).
40
Let y(q) = 633*q + 3790. What is y(-6)?
-8
Let z(x) = x**3 + 79*x**2 + 4*x + 416. Determine z(-79).
100
Let m(i) = 21*i**3 - 6*i**2 - 2*i + 18. What is m(-3)?
-597
Let t(i) = -i**3 + 41*i**2 + 336*i - 4. What is t(48)?
-4
Let g(p) = 103*p + 3191. Give g(-31).
-2
Let k(q) = 12*q - 438. What is k(42)?
66
Let j(p) = p**2 + p - 23. Calculate j(-6).
7
Let n(t) = t**3 - 79*t**2 - 5249*t + 371. What is n(122)?
5
Let v(c) = -11*c**2 - 25*c - 24. Calculate v(-5).
-174
Let o(a) = -1216*a + 321. Give o(1).
-895
Let v(h) = -53*h - 3218. Give v(-61).
15
Let w(b) = -195*b - 182. Calculate w(-1).
13
Let j(u) = -2*u**3 + 92*u**2 - u - 22. Determine j(46).
-68
Let u(q) = -q**3 + 24*q**2 - 3*q - 29. Determine u(24).
-101
Let h(x) = 14*x - 163. Give h(15).
47
Let h(u) = u**3 + 11*u**2 + 25*u - 16. What is h(-5)?
9
Let p(s) = -s**2 + 145*s + 1720. Give p(-11).
4
Let i(k) = 423*k - 6361. Determine i(15).
-16
Let y(u) = 91*u + 6. Determine y(1).
97
Let p(a) = -49*a - 137. Calculate p(0).
-137
Let d(l) = -5*l**3 - 4*l**2 - l + 4. Calculate d(-2).
30
Let v(l) = l**3 - 14*l**2 - 18*l + 46. What is v(15)?
1
Let h(u) = -37*u - 396. Calculate h(-11).
11
Let f(p) = -22*p**2 - 19*p + 11. Calculate f(-5).
-444
Let z(t) = -6*t**2 + 13*t + 116. Calculate z(-10).
-614
Let y(j) = j**3 - 2*j**2 + 72*j - 204. Calculate y(3).
21
Let b(l) = -3366*l - 13462. Give b(-4).
2
Let p(w) = -w**2 + 926*w + 5577. What is p(-6)?
-15
Let d(t) = t**3 + 8*t**2 + 1617*t + 14642. Determine d(-9).
8
Let l(q) = q**2 + 58*q + 577. Give l(-14).
-39
Let r(h) = h**3 + 7*h**2 - 63*h - 426. Calculate r(-6).
-12
Let a(h) = -2*h**3 + 20*h**2 - 23*h - 15. What is a(6)?
135
Let y(r) = -6*r**2 + 58*r + 10. Calculate y(10).
-10
Let r(l) = -179*l + 11821. What is r(66)?
7
Let b(v) = 13*v - 91. Calculate b(8).
13
Let w(s) = -s**3 + 7*s**2 + 8. Determine w(7).
8
Let d(s) = 5*s**2 + 40*s + 232. Determine d(-7).
197
Let q(w) = 11*w + 238. Determine q(-20).
18
Let o(q) = -q**2 + 6*q - 17. Determine o(2).
-9
Let b(q) = 34*q + 2894. Give b(-85).
4
Let a(c) = -208*c - 4386. What is a(-21)?
-18
Let v(d) = -37*d + 45. Determine v(2).
-29
Let w(l) = -4743*l + 14237. Give w(3).
8
Let d(c) = -49*c - 558. Determine d(-8).
-166
Let j(d) = 4*d**2 - 55*d + 117. What is j(11)?
-4
Let g(l) = -4*l**2 - 48*l - 72. What is g(-9)?
36
Let b(c) = 5*c**3 - 8*c**2 + 19*c + 6. Determine b(3).
126
Let m(z) = -z**2 - 13*z - 152. Determine m(-10).
-122
Let x(y) = -y**2 - 84*y + 900. Give x(-92).
164
Let k(l) = l**3 - 18*l**2 - 25*l - 6. Determine k(20).
294
Let l(a) = a**3 - 9*a**2 - 19*a + 10. What is l(-2)?
4
Let t(a) = -a**3 - 6*a**2 + 32*a - 11. Determine t(3).
4
Let v(p) = -83*p - 1665. Give v(-19).
-88
Let b(o) = 8*o - 533. What is b(56)?
-85
Let d(r) = 76*r - 516. Determine d(4).
-212
Let q(m) = 611*m + 3052. Calculate q(-5).
-3
Let h(p) = 2*p**3 - 4*p**2 + 3*p - 8. Determine h(0).
-8
Let d(h) = -2*h + 372. Calculate d(21).
330
Let r(h) = -203*h + 20286. Determine r(100).
-14
Let t(j) = -34098*j + 34106. Calculate t(1).
8
Let q(j) = 671*j + 424072. Calculate q(-632).
0
Let p(u) = -6*u**3 - 158*u**2 + 8*u + 1547. What is p(-26)?
-13
Let t(w) = 2*w**2 - 21*w - 112. What is t(-4)?
4
Let i(k) = -k**3 - k**2 + 174*k + 505. Calculate i(-3).
1
Let a(l) = 29*l - 542. Calculate a(18).
-20
Let c(g) = -8*g + 138. Determine c(16).
10
Let v(m) = -m**3 + 31*m**2 - 226*m + 16. What is v(11)?
-50
Let k(z) = -z**3 + 16*z**2 - 28*z + 100. What is k(14)?
100
Let z(d) = -d**3 + 99*d**2 + 759*d + 123. What is z(-7)?
4
Let v(l) = 147*l + 788. Calculate v(-5).
53
Let q(j) = 3*j**3 + 27*j**2 + 23*j - 10. Calculate q(-8).
-2
Let g(t) = -46*t + 179. Give g(3).
41
Let g(m) = 5*m**3 + 429*m**2 + 339*m - 33. What is g(-85)?
52
Let p(u) = -u**3 - 9*u**2 + 17*u - 84. What is p(-10)?
-154
Let n(w) = 222*w - 1667. What is n(8)?
109
Let z(w) = -5*w**3 + 145*w**2 - 11*w + 331. Calculate z(29).
12
Let t(d) = d**2 + 25*d + 60. Calculate t(-7).
-66
Let h(k) = -k**3 - k**2 + 4*k + 13. Calculate h(3).
-11
Let h(y) = y**2 + 44*y + 553. What is h(-15)?
118
Let j(c) = -c**2 - 47*c + 878. Calculate j(-61).
24
Let n(h) = -47*h**2 - 79*h - 3. Calculate n(-3).
-189
Let q(y) = -2*y**2 + 194*y - 614. Calculate q(94).
-50
Let d(k) = 932*k**2 - 20*k + 18. What is d(1)?
930
Let a(c) = -c**3 - 19*c**2 + 70*c + 116. Calculate a(-22).
28
Let j(i) = 13529*i + 81175. Give j(-6).
1
Let f(a) = -a**3 - 22*a**2 - 23*a + 17. Determine f(-16).
-1151
Let i(b) = -13*b**3 - 53*b**2 - 10*b - 13. Give i(-4).
11
Let z(f) = -f**3 - 10*f**2 - 4*f + 17. Give z(-3).
-34
Let z(y) = -119*y - 372. Calculate z(-3).
-15
Let g(a) = -a**3 + 4*a**2 - 244*a + 1256. What is g(5)?
11
Let p(s) = s**2 - 41*s + 129. Determine p(40).
89
Let j(t) = -40*t**2 - 1081*t - 31. What is j(-27)?
-4
Let f(g) = 3*g**3 + 3*g**2 - 43*g - 24. What is f(-4)?
4
Let b(m) = -4*m**3 + 8*m**2 - 54*m + 95. What is b(5)?
-475
Let g(u) = -106*u - 11. Calculate g(-3).
307
Let v(f) = 7*f**3 - 132*f**2 - 17*f - 95. What is v(19)?
-57
Let i(u) = -7*u**2 - 318*u - 34. Determine i(-45).
101
Let o(t) = -40*t - 563. Calculate o(-10).
-163
Let j(c) = 10*c**3 - 291*c**2 + 31*c - 42. Give j(29).
16
Let s(p) = -171*p - 56. What is s(-2)?
286
Let d(h) = 2*h**3 + 61*h**2 - 35*h - 124. Give d(-31).
0
Let o(w) = 2*w**2 - 24*w - 9. Give o(8).
-73
Let j(o) = -3*o**3 + 15*o**2 + 110*o - 15. Determine j(9).
3
Let t(c) = c**3 + 6*c**2 - 25*c + 18. Give t(-9).
0
Let l(g) = -14*g + 478. Calculate l(23).
156
Let n(v) = v**2 + 37*v + 100. Calculate n(-25).
-200
Let w(q) = -383*q + 3458. Calculate w(9).
11
Let c(d) = -28*d - 109. Calculate c(-6).
59
Let t(k) = k**2 + 37*k + 410. Calculate t(-16).
74
Let r(c) = -c**3 + 4*c**2 + 20*c + 110. What is r(-9)?
983
Let l(y) = -105*y**2 + 18*y. Give l(-1).
-123
Let a(f) = f**3 - 11*f**2 - 55*f + 14. What is a(-5)?
-111
Let d(k) = -2*k**3 - 71*k**2 - 629*k - 42. Calculate d(-19).
-4
Let o(n) = -34*n - 97. Give o(-3).
5
Let m(w) = -2*w**2 - 105*w + 382. What is m(-56)?
-10
Let x(b) = 46*b - 6776. Calculate x(146).
-60
Let n(w) = -9106*w + 10. Give n(0).
10
Let f(s) = 2*s**3 - 5*s**2 + 5*s + 103. Determine f(0).
103
Let m(i) = 251*i - 28. Determine m(-1).
-279
Let f(a) = -9*a**2 - 1818*a + 7. Give f(-202).
7
Let v(z) = 10*z + 15. Give v(2).
35
Let w(q) = q**3 + 23*q**2 - 107*q + 30. What is w(-27)?
3
Let q(k) = -36*k**3 + 28*k**2 + 50*k - 1. What is q(-2)?
299
Let v(q) = 335*q - 3580. Determine v(9).
-565
Let y(o) = 32*o + 380. Calculate y(-12).
-4
Let r(m) = 20*m**3 + m**2 + 6*m - 7. Calculate r(1).
20
Let s(x) = 3097*x + 3100. What is s(-1)?
3
Let s(q) = q**2 - 19*q - 2623. Calculate s(62).
43
Let b(h) = -h**2 - 59*h + 923. Give b(-72).
-13
Let h(f) = 2*f**3 - 28*f**2 - 238*f - 5. Determine h(20).
35
Let p(s) = -s**3 - 15*s**2 + 36*s + 490. Calculate p(-15).
-50
Let j(r) = 3*r**3 - 120*r**2 - r + 36. Determine j(40).
-4
Let p(r) = -7719*r - 23151. Give p(-3).
6
Let n(q) = -1753*q + 220882. Determine n(126).
4
Let t(i) = 2*i**3 - 2*i**2 - 10*i - 2. What is t(3)?
4
Let r(w) = -w**2 - 53*w - 421. Calculate r(-42).
41
Let z(b) = 1920*b - 96002. Give z(50).
-2
Let o(m) = -m**3 - 14*m**2 + 34*m + 61. Determine o(-15).
-224
Let l(b) = b**3 + 5*b**2 + 5*b + 99. Calculate l(-7).
-34
Let s(x) = -142*x - 11092. Give s(-78).
-16
Let v(x) = -3*x**3 - 10*x**2 - 16*x - 139. What is v(-8)?
885
Let l(o) = 10*o**3 + 561*o**2 + 44*o - 657. Determine l(-56).
15
Let p(g) = g**3 - 50*g**2 + 93*g + 180. Calculate p(48).
36
Let c(i) = 675*i - 13503. Give c(20).
-3
Let t(i) = -4*i**2 + 11*i - 36. Give t(0).
-36
Let g(f) = -17*f**3 - 3*f**2 - f - 1. Calculate g(-1).
14
Let v(t) = 5*t - 93. Give v(1).
-88
Let b(f) = 71*f - 29. Calculate b(2).
113
Let a(y) = -y**2 - 115*y + 2257. Calculate a(17).
13
Let w(u) = u**2 + 2*u + 124. Determine w(0).
124
Let h(v) = 3*v + 190. Determine h(-43).
61
Let h(q) = 13*q**3 + 5*q**2 - 20*q + 29. Give h(2).
113
Let l(h) = -35*h**3 - 3*h**2 + h. Give l(